2 + 9*s - 8. Let v be w(7). Let i be x(v). Let f(o) = o**3 + 6*o**2 + 8*o + 6. Calculate f(i).
-9
Let a(j) = -5 + 10*j - 6*j - j. Give a(4).
7
Let t(o) = -o**2 - o - 1. Let d(g) = -5*g**2 + 9*g. Let u(j) = d(j) - 4*t(j). Let c be u(13). Let z(k) = k**3 - 4*k**2. Give z(c).
0
Let c(b) = -15*b - 1. Let q = -58 + 57. What is c(q)?
14
Let i(h) = -2*h + 1. Let g = 38 - 36. Suppose 4*m = -2*k - 4 + 38, -4*k = -g*m - 48. Let u be 1/(-2)*(k - 11). What is i(u)?
3
Let n(p) = p**3 - 11*p**2 + 10*p - 5. Let h(d) = -49*d + 402. Let v be h(8). Calculate n(v).
-5
Let o(p) = 483*p - 9 + 482*p - 963*p. Let n = 11 + -3. Calculate o(n).
7
Let j(r) = 10*r**2 + 11*r + 54. Let y(x) = -3*x**2 - 4*x - 17. Let k(g) = -2*j(g) - 7*y(g). What is k(-5)?
6
Suppose -3*u - z = 1 + 9, -u - 4 = z. Let k(m) be the first derivative of 0*m + 1/4*m**4 + 1 + m**3 - m**2. Calculate k(u).
6
Let v = 8 + -4. Let i(t) = 4*t + 2*t**3 - 185*t**2 + 0*t + 187*t**2 - 3 - 3*t**3 - 1. Calculate i(v).
-20
Let t(i) = 4*i - 1. Let v(a) = 19*a - 9. Let s(y) = 5*t(y) - v(y). Determine s(-8).
-4
Let f(r) be the first derivative of r**5/20 - r**4/2 + r**3 - 5*r**2/2 + 84*r - 48. Let p(a) be the first derivative of f(a). Let o = 15 - 10. What is p(o)?
0
Let z be 6/9*(-27)/(-9). Let v(p) be the second derivative of 1/2*p**2 + 0 - 2/3*p**3 + p. Calculate v(z).
-7
Let m(q) = -10*q + 5. Let w be 4/10*(-590)/(-59). What is m(w)?
-35
Let r(o) = -4*o. Let y be (-1)/(-2)*(-7 + -9)/8. Calculate r(y).
4
Suppose 44 = -5*s - 4*k, 7*k = -4*s + 3*k - 32. Let j(h) = -3*h + 21*h - 3 - 8*h - 9*h + 23. Calculate j(s).
8
Let f(z) = 3*z + 1. Suppose -3252*w = -3250*w. What is f(w)?
1
Let h = -62 + 59. Let z(b) be the second derivative of -b**3/6 + 3*b**2/2 - 6*b. Determine z(h).
6
Let r(t) = -t**2 + 11*t + 1. Let d(u) = -4*u**2 + 34*u + 2. Let o(p) = 2*d(p) - 7*r(p). Let q be -11 + (54/21 - (-36)/84). Calculate o(q).
5
Let s(l) = 3*l**2 - 6. Let v be s(3). Let z(w) = 2 - 20*w**2 - 5*w - 2*w + v*w**2 + 2. Determine z(5).
-6
Let z be (-2)/(-9) - 106/(-9). Suppose 0 = -5*y - z - 18. Let n(f) = f**3 - 10*f**2 - 3*f + 12. Let c(u) = u**2 - 1. Let m(l) = y*c(l) - n(l). Give m(4).
6
Let d(a) = -4*a - 9. Let q(c) = 37*c + 25. Let f be q(-1). What is d(f)?
39
Let k(l) = -l**2 - 4*l - 1. Suppose 0 = 69*o - 59*o + 30. Give k(o).
2
Suppose 4*w + 49 = 17. Let k be 28/(-7)*(-10)/w. Let n(b) = -b**2 - 4*b - 1. Calculate n(k).
-6
Let y(l) = 21 + 24 - 46 - 2*l. Let f(z) = 2*z + 3. Let u be f(-4). Give y(u).
9
Let o be ((-65)/390)/(2/84). Let t(q) = q**2 + 6*q - 9. Determine t(o).
-2
Let p(n) = -n**2 - 4*n + 5. Suppose -23*f + 266 = -240. Suppose 2*i - 2 = -5*w + 11, w - 3*i = 6. Suppose 4*l = -r - f, -w*l + 7*l = -5*r - 46. What is p(r)?
-7
Let q(k) be the second derivative of -2 - 5/6*k**3 + 12*k + 2*k**2 - 1/12*k**4. Give q(-6).
-2
Let c(x) = -x**3 + 4*x**2 - x - 3. Suppose -d = -5*d. Suppose 2*r + d*r - 20 = 0. Suppose 10 = 5*b - r. What is c(b)?
-7
Let a(l) = -3*l - 19. Suppose 4*c + 20 = -5*j + 2*j, c = -3*j - 23. Let k be a(j). Let n(t) = t**3 - 6*t**2 + 5*t + 7. What is n(k)?
7
Let w be (0*4/(-8))/(-3). Suppose 9*z - 12*z + 21 = w. Let f(t) = t**2 - 4*t - 2. Calculate f(z).
19
Let p(w) be the first derivative of w**3/3 - 5*w - 60. Give p(0).
-5
Let k(g) = 8*g**2 + g + 2. Suppose 603 = -10*t + 593. Give k(t).
9
Let p(u) = 5*u**2 - u - 6 - u**3 + u + 2*u. Suppose 3*t = 2*c, -4*t = -t - c - 3. Suppose -7*k + t*k - 2*v = -15, 2*k = -2*v. What is p(k)?
4
Let r(s) be the third derivative of -s**6/720 - s**5/40 + s**4/8 + s**2. Let z(u) be the second derivative of r(u). What is z(-5)?
2
Let x(b) = -20*b**2 + 13*b. Let v(r) = -9*r**2 + 6*r. Let f(j) = 7*v(j) - 3*x(j). What is f(2)?
-6
Suppose -q - 2 = r, -5*r + 0 = q - 6. Suppose -r*b = -3*b. Suppose b = -h - 4*c - 9, 0*h - 4*h - 5*c = 14. Let j(v) = 9*v**2 + 2*v + 1. Determine j(h).
8
Let t(g) = -g**3 - 5*g**2 + 8*g + 5. Suppose -14*a - 48 = -6*a. What is t(a)?
-7
Let s(v) = -13*v. Let y = -278 - -276. Calculate s(y).
26
Let d(q) be the second derivative of -3*q**3/2 + 7*q**2 - 27*q + 9. What is d(2)?
-4
Let d(c) be the third derivative of -c**6/120 + c**5/30 + c**4/12 + c**3/3 + c**2. What is d(3)?
-1
Let z(f) = -f**2 - 6*f + 4. Let o be z(-5). Let c(x) = -x**3 + 8*x**2 + 9*x + 9. What is c(o)?
9
Let d(w) = 8478*w**2 - 2 + 4*w - 8481*w**2 + 4 - w**3. What is d(-5)?
32
Let x(r) = 5*r + 12. Let u be x(4). Suppose 6*n + 2 - u = 0. Let k(l) = -l + 1. Determine k(n).
-4
Let v(w) = w**3 + 6*w**2 + 9*w + 10. Suppose -9*o + 14*o = -3*r - 25, 0 = -3*o - 6. What is v(r)?
-10
Let o(r) be the second derivative of -r**4/12 - 11*r**3/6 - 12*r**2 - 239*r. Determine o(-5).
6
Let t(g) = g**3 + 7*g**2 - 2*g - 8. Let q be t(-7). Let r(j) = 4*j + 13. Let c(h) = -3*h - 3. Let v(i) = 2*c(i) + r(i). Determine v(q).
-5
Let j(x) = x**2 + 6*x + 4. Let y be ((-2)/(-4) - 3)*2. Give j(y).
-1
Suppose 26*k + 280 + 110 = 0. Let u(q) = q**3 + 16*q**2 + 14*q - 18. Calculate u(k).
-3
Let p(b) be the first derivative of b**3/3 - 5*b**2/2 + 7*b + 10. Let u be 2/(-1)*3*20/(-24). Calculate p(u).
7
Let s = 1 - 1. Let f(k) be the third derivative of k**4/24 + 5*k**3/3 + 1128*k**2. Give f(s).
10
Let n(t) be the first derivative of -8*t**3/3 + t**2/2 - t + 49. Suppose 0 = -4*k - 31 + 35. Calculate n(k).
-8
Let y(k) = k**3 - 10*k**2 - 10*k - 10. Let j(o) = o - 2. Let c(f) = 2*j(f) + y(f). Calculate c(11).
19
Let c(o) be the second derivative of 1/720*o**6 - 5*o + 0*o**3 + 0 + 7/120*o**5 + 7/12*o**4 + 0*o**2. Let n(p) be the third derivative of c(p). Give n(-4).
3
Let w(m) = m**3 - 3*m**2 + 3*m + 1. Let v(i) = 2*i**2 - 9*i + 7. Let b(f) = -f**3 - 4*f**2 + 4. Let h be b(-4). Let y be v(h). What is w(y)?
10
Let y be (4 - 6)/((-4)/6). Suppose -p + 3*k - 4 = -y, 2*k = 0. Let s(u) = 3*u**3 + u. Give s(p).
-4
Suppose 0 = -0*n + 4*n - p + 12, 4*n + 2*p = 0. Let g(r) be the second derivative of -7*r**3/6 + r**2 + 499*r. What is g(n)?
16
Let p(n) = -n**3 - n**2 + 4*n + 1. Let h(x) = -3*x - 10. Let l be h(-4). Suppose -l*z + 2 + 10 = r, -3*r + 26 = z. Let c be (6/r)/(2/(-8)). Give p(c).
7
Let l(m) = -m + 597 - 600 + 0*m. Calculate l(-5).
2
Let q(r) be the first derivative of r**6/360 + r**5/60 + r**4/6 - 2*r**3 - 5. Let a(k) be the third derivative of q(k). What is a(-3)?
7
Suppose 0 = -3*c + 3 + 12. Let x = -3 + 8. Let l(b) = b**3 - 5*b**2 - 4. Let m(k) = -k**3 + 5*k**2 + 3. Let s(y) = x*l(y) + 6*m(y). Calculate s(c).
-2
Let q(y) = y**2 + 5*y + 8. Let r(t) = -t**2 + 27*t + 115. Let d be r(-4). What is q(d)?
44
Let y(b) = 0 - 2*b + 0 - 1 - 3*b**3. Suppose 0 = 5*g - 6*g + 3*c + 14, 4*c = 4*g - 16. Give y(g).
4
Let x(j) = -5*j**3 + j**2 - j. Let i(v) = -14*v**3 + 3*v**2 - 2*v + 1. Let d be 33*(8/(-6) + 2/2). Let u(s) = d*x(s) + 4*i(s). Calculate u(3).
-5
Let q(b) = -b - 10. Let h(i) = i**2 - 4*i - 11. Let t be h(6). Let p(a) = -3*a + t + a**2 - 3*a**2 + 1. Let m be p(-3). Determine q(m).
-3
Let w(m) = m**3 + 6*m**2 + 2*m - 6. Let r be w(-5). Let h(j) = -2*j**2 + 6*j - 13*j - j**3 + r*j**2. What is h(6)?
-6
Let d(w) = 11*w**2 + 11*w + 43. Let g(t) = 5*t**2 + 5*t + 21. Let y(f) = 6*d(f) - 13*g(f). Determine y(0).
-15
Let j(s) be the third derivative of s**6/120 - s**5/10 + 7*s**4/24 + s**3/6 - 2*s**2 - 81*s. What is j(5)?
11
Let b(o) be the first derivative of -40 + 1/2*o**2 + 2/3*o**3 + 2*o. Determine b(3).
23
Let o be 9/(54/(-8))*-6. Let s(t) = t - 2*t + 7 - t - o + t**2. Determine s(2).
-1
Let k(o) be the third derivative of -o**4/24 - o**3/6 - 6*o**2 - o. Determine k(5).
-6
Let q(h) = -6*h**2 - 55*h - 46*h - 45*h - h**3 - 11 + 144*h. What is q(-6)?
1
Let c(s) = 5*s**2 - 4*s + 10. Let p(a) = 14*a**2 - 12*a + 28. Let v(r) = -11*c(r) + 4*p(r). Give v(1).
-1
Let f be (6/(-16))/(9/(-4)). Let b(c) be the second derivative of -1/2*c**2 - f*c**3 + 0 - 4*c. Determine b(4).
-5
Let m(v) = v**2 - 7*v + 2. Let b be 6/(-51) - 1073/(-17). Suppose b = k + 2*k. Suppose -4*t + 0 = -5*c - 35, -3*t + k = -2*c. Calculate m(t).
-8
Suppose v - 18 = 2*c, -v + 2*c - 4*c = -18. Let z(n) = -v*n - 12*n + 27*n + 6. Give z(4).
-6
Let h(x) = -6*x. Let l be (-1)/(1 - (-3)/(-2)). Suppose n = -l*w - 2 + 1, 2*n - w = 3. Calculate h(n).
-6
Suppose 0 = -6*s + 3 + 15. Suppose 15 = 4*h + 3. Let z(c) = -c - 4*c**2 - 2 + h*c + 0 + 7*c**2 - c**3. Calculate z(s).
4
Suppose 0 =